{"id":737,"date":"2019-11-13T12:43:36","date_gmt":"2019-11-13T15:43:36","guid":{"rendered":"https:\/\/omecatronico.com.br\/blog\/?page_id=737"},"modified":"2021-01-15T15:56:18","modified_gmt":"2021-01-15T18:56:18","slug":"contato","status":"publish","type":"page","link":"https:\/\/omecatronico.com.br\/blog\/contato\/","title":{"rendered":"Contato"},"content":{"rendered":"\n<figure class=\"wp-block-image\"><img loading=\"lazy\" decoding=\"async\" width=\"3005\" height=\"1137\" src=\"https:\/\/omecatronico.com.br\/blog\/wp-content\/uploads\/2019\/02\/LCD_hello_world.jpg\" alt=\"\" class=\"wp-image-607\"\/><\/figure>\n\n\n\n<p>sim? =) voc\u00ea pode entrar em contato comigo atrav\u00e9s dos seguintes m\u00e9todos:<\/p>\n\n\n\n<ul><li>D\u00favidas: utilize o campo de coment\u00e1rio no post que surgir sua d\u00favida.  Isso ajuda outras pessoas que tenham a mesma d\u00favida.<\/li><li><a href=\"https:\/\/www.instagram.com\/omecatronico.com.br\/\" data-type=\"URL\" data-id=\"https:\/\/www.instagram.com\/omecatronico.com.br\/\" target=\"_blank\" rel=\"noreferrer noopener\">Instagram<\/a><\/li><li><a rel=\"noreferrer noopener\" href=\"https:\/\/github.com\/almirmv\" target=\"_blank\">GitHub<\/a><\/li><li><a rel=\"noreferrer noopener\" aria-label=\"Linkedin (abre numa nova aba)\" href=\"https:\/\/www.linkedin.com\/in\/almir-ventura-8b918215a\/\" target=\"_blank\">Linkedin<\/a><\/li><li><a rel=\"noreferrer noopener\" aria-label=\"Facebook (abre numa nova aba)\" href=\"https:\/\/www.facebook.com\/almirmv\" target=\"_blank\">Facebook<\/a><\/li><li><a rel=\"noreferrer noopener\" aria-label=\"YouTube (abre numa nova aba)\" href=\"https:\/\/www.youtube.com\/channel\/UCtGdw6WPRJUhU-WFVTxVzbQ\/\" target=\"_blank\">YouTube<\/a><\/li><\/ul>\n\n\n\n<h3 class=\"wp-block-heading\">Aviso aos desavisados&#8230;<\/h3>\n\n\n\n<p>Este blog possui um car\u00e1ter informativo,  reunindo materiais para auxiliar as pessoas no \u00e2mbito da mecatr\u00f4nica como um todo.  Quaisquer erros ou equ\u00edvocos sobre informa\u00e7\u00f5es contidas aqui, devem ser relatadas para serem corrigidas,  n\u00e3o sendo responsabilizado o autor por qualquer dano ou poss\u00edveis preju\u00edzos causados.<\/p>\n\n\n\n<hr class=\"wp-block-separator\"\/>\n\n\n\n<h2 class=\"wp-block-heading\">Linha do tempo<\/h2>\n\n\n\n<h4 class=\"wp-block-heading\">2020:<\/h4>\n\n\n\n<figure class=\"wp-block-image size-large is-resized\"><a href=\"https:\/\/omecatronico.com.br\/blog\/sr-quarentino\/\" target=\"_blank\" rel=\"noopener noreferrer\"><img loading=\"lazy\" decoding=\"async\" src=\"https:\/\/omecatronico.com.br\/blog\/wp-content\/uploads\/2020\/04\/Quarentino.png\" alt=\"Foto Rob\u00f4 Quarentino\" class=\"wp-image-840\" width=\"580\" height=\"466\"\/><\/a><figcaption>Foto Rob\u00f4 Quarentino, feito em Abril 2020<\/figcaption><\/figure>\n\n\n\n<h4 class=\"wp-block-heading\">2019:<\/h4>\n\n\n\n<div class=\"wp-block-image\"><figure class=\"aligncenter\"><img loading=\"lazy\" decoding=\"async\" width=\"1062\" height=\"796\" src=\"https:\/\/omecatronico.com.br\/blog\/wp-content\/uploads\/2019\/11\/capa_workshop_ros.png\" alt=\"\" class=\"wp-image-753\"\/><figcaption>Em breve: Participa\u00e7\u00e3o no <a rel=\"noreferrer noopener\" aria-label=\"Robotic Weekend (abre numa nova aba)\" href=\"http:\/\/www.roboticweekend.com.br\/\" target=\"_blank\">Robotic Weekend<\/a> com <a href=\"https:\/\/omecatronico.com.br\/blog\/workshop-ros-robotic-weekend\/\" target=\"_blank\" rel=\"noreferrer noopener\" aria-label=\"Workshop ROS (abre numa nova aba)\">Workshop ROS<\/a><\/figcaption><\/figure><\/div>\n\n\n\n<figure class=\"wp-block-image\"><img loading=\"lazy\" decoding=\"async\" width=\"4128\" height=\"2322\" src=\"https:\/\/omecatronico.com.br\/blog\/wp-content\/uploads\/2019\/11\/20191121_114316.jpg\" alt=\"\" class=\"wp-image-779\"\/><figcaption>rob\u00f4 ATX1 &#8230; estou preparando-o para usar como plataforma para o ROS<\/figcaption><\/figure>\n\n\n\n<div class=\"wp-block-image\"><figure class=\"aligncenter is-resized\"><img loading=\"lazy\" decoding=\"async\" src=\"https:\/\/omecatronico.com.br\/blog\/wp-content\/uploads\/2019\/11\/20190418_004344.jpg\" alt=\"\" class=\"wp-image-751\" width=\"616\" height=\"346\"\/><figcaption>Impress\u00e3o e montagem de Marty. <a href=\"https:\/\/robotical.io\/downloads\/1.0\/\" target=\"_blank\" rel=\"noreferrer noopener\" aria-label=\"Fonte aqui (abre numa nova aba)\">Fonte aqui<\/a>.<\/figcaption><\/figure><\/div>\n\n\n\n<figure class=\"wp-block-image\"><img loading=\"lazy\" decoding=\"async\" width=\"2322\" height=\"4128\" src=\"https:\/\/omecatronico.com.br\/blog\/wp-content\/uploads\/2019\/11\/20191120_005318_logo.jpg\" alt=\"\" class=\"wp-image-780\"\/><figcaption>Projeto Pass the Butter =), inspirado pelo robo do seriado Rick e morty<\/figcaption><\/figure>\n\n\n\n<figure class=\"wp-block-image\"><img loading=\"lazy\" decoding=\"async\" width=\"1394\" height=\"905\" src=\"https:\/\/omecatronico.com.br\/blog\/wp-content\/uploads\/2019\/11\/montagem_moto.bmp\" alt=\"\" class=\"wp-image-752\"\/><figcaption>Montagem de pack de bateria e manuten\u00e7\u00e3o de uma Yamasaki VK Electra Bee 1500<\/figcaption><\/figure>\n\n\n\n<hr class=\"wp-block-separator\"\/>\n\n\n\n<h4 class=\"wp-block-heading\">2018:<\/h4>\n\n\n\n<div class=\"wp-block-image\"><figure class=\"aligncenter\"><img loading=\"lazy\" decoding=\"async\" width=\"361\" height=\"768\" src=\"https:\/\/omecatronico.com.br\/blog\/wp-content\/uploads\/2018\/12\/FotoCapa.png\" alt=\"\" class=\"wp-image-570\" srcset=\"https:\/\/omecatronico.com.br\/blog\/wp-content\/uploads\/2018\/12\/FotoCapa.png 361w, https:\/\/omecatronico.com.br\/blog\/wp-content\/uploads\/2018\/12\/FotoCapa-141x300.png 141w\" sizes=\"(max-width: 361px) 100vw, 361px\" \/><figcaption>Montagem da super \u00e1rvore de natal&#8230;<\/figcaption><\/figure><\/div>\n\n\n\n<figure class=\"wp-block-image\"><img loading=\"lazy\" decoding=\"async\" width=\"4128\" height=\"3096\" src=\"https:\/\/omecatronico.com.br\/blog\/wp-content\/uploads\/2019\/11\/20181015_100715.jpg\" alt=\"\" class=\"wp-image-747\"\/><figcaption>Impress\u00e3o e testes de um rover. <a rel=\"noreferrer noopener\" aria-label=\"Fonte aqui (abre numa nova aba)\" href=\"https:\/\/www.thingiverse.com\/thing:907392\" target=\"_blank\">Fonte aqui<\/a>.<\/figcaption><\/figure>\n\n\n\n<figure class=\"wp-block-image\"><img loading=\"lazy\" decoding=\"async\" width=\"4128\" height=\"2322\" src=\"https:\/\/omecatronico.com.br\/blog\/wp-content\/uploads\/2019\/11\/20181223_112132.jpg\" alt=\"\" class=\"wp-image-748\"\/><figcaption>Modifica\u00e7\u00e3o em um Gradiente para funcionar com novo m\u00f3dulo de pot\u00eancia.<\/figcaption><\/figure>\n\n\n\n<figure class=\"wp-block-image\"><img loading=\"lazy\" decoding=\"async\" width=\"1032\" height=\"581\" src=\"https:\/\/omecatronico.com.br\/blog\/wp-content\/uploads\/2019\/11\/IMG-20181127-WA0007.jpg\" alt=\"\" class=\"wp-image-749\"\/><figcaption>Conserto de mini teclado Korg&#8230; quebrei mas consertei =X<\/figcaption><\/figure>\n\n\n\n<hr class=\"wp-block-separator\"\/>\n\n\n\n<h4 class=\"wp-block-heading\">2017:<\/h4>\n\n\n\n<hr class=\"wp-block-separator\"\/>\n\n\n\n<h4 class=\"wp-block-heading\">2016:<\/h4>\n\n\n\n<figure class=\"wp-block-image\"><img loading=\"lazy\" decoding=\"async\" width=\"1265\" height=\"946\" src=\"https:\/\/omecatronico.com.br\/blog\/wp-content\/uploads\/2019\/11\/recorte_cnc.png\" alt=\"\" class=\"wp-image-755\"\/><figcaption>Testando CNC vers\u00e3o 2&#8230;<\/figcaption><\/figure>\n\n\n\n<figure class=\"wp-block-image\"><img loading=\"lazy\" decoding=\"async\" width=\"3264\" height=\"1836\" src=\"https:\/\/omecatronico.com.br\/blog\/wp-content\/uploads\/2019\/11\/20160302_014347.jpg\" alt=\"\" class=\"wp-image-757\"\/><figcaption>I-Elvis&#8230; pequeno rob\u00f4 quadr\u00fapede para ajudar a passar o tempo =)<\/figcaption><\/figure>\n\n\n\n<figure class=\"wp-block-image\"><img loading=\"lazy\" decoding=\"async\" width=\"3264\" height=\"1836\" src=\"https:\/\/omecatronico.com.br\/blog\/wp-content\/uploads\/2019\/11\/20150914_200812.jpg\" alt=\"\" class=\"wp-image-758\"\/><figcaption>Cria\u00e7\u00e3o de Campainha que toca arquivo wav, fez sucesso com som de &#8220;Hadouken&#8221;<\/figcaption><\/figure>\n\n\n\n<hr class=\"wp-block-separator\"\/>\n\n\n\n<h4 class=\"wp-block-heading\">2015:<\/h4>\n\n\n\n<hr class=\"wp-block-separator\"\/>\n\n\n\n<h4 class=\"wp-block-heading\">2014:<\/h4>\n\n\n\n<figure class=\"wp-block-image\"><img loading=\"lazy\" decoding=\"async\" width=\"1012\" height=\"569\" src=\"https:\/\/omecatronico.com.br\/blog\/wp-content\/uploads\/2017\/02\/vista-interna-teclado-MIDI.jpg\" alt=\"Vista interna teclado MIDI\" class=\"wp-image-427\" srcset=\"https:\/\/omecatronico.com.br\/blog\/wp-content\/uploads\/2017\/02\/vista-interna-teclado-MIDI.jpg 1012w, https:\/\/omecatronico.com.br\/blog\/wp-content\/uploads\/2017\/02\/vista-interna-teclado-MIDI-300x169.jpg 300w, https:\/\/omecatronico.com.br\/blog\/wp-content\/uploads\/2017\/02\/vista-interna-teclado-MIDI-768x432.jpg 768w, https:\/\/omecatronico.com.br\/blog\/wp-content\/uploads\/2017\/02\/vista-interna-teclado-MIDI-210x118.jpg 210w\" sizes=\"(max-width: 1012px) 100vw, 1012px\" \/><figcaption>Teclado MIDI via porta serial. <a href=\"https:\/\/omecatronico.com.br\/blog\/teclado-midi-at89s51\/\" target=\"_blank\" rel=\"noreferrer noopener\" aria-label=\"Mais detalhes aqui (abre numa nova aba)\">Mais detalhes aqui<\/a>.<\/figcaption><\/figure>\n\n\n\n<figure class=\"wp-block-image\"><img loading=\"lazy\" decoding=\"async\" width=\"1680\" height=\"946\" src=\"https:\/\/omecatronico.com.br\/blog\/wp-content\/uploads\/2019\/11\/Impressora_3d.png\" alt=\"\" class=\"wp-image-760\"\/><figcaption>Cria\u00e7\u00e3o e montagem da minha impressora 3D<\/figcaption><\/figure>\n","protected":false},"excerpt":{"rendered":"<p>sim? =) voc\u00ea pode entrar em contato comigo atrav\u00e9s dos seguintes m\u00e9todos: D\u00favidas: utilize o campo de coment\u00e1rio no post que surgir sua d\u00favida. Isso ajuda outras pessoas que tenham a mesma d\u00favida. Instagram GitHub Linkedin Facebook YouTube Aviso aos desavisados&#8230; Este blog possui um car\u00e1ter informativo, reunindo materiais para auxiliar as pessoas no \u00e2mbito [&hellip;]<\/p>\n","protected":false},"author":1,"featured_media":0,"parent":0,"menu_order":0,"comment_status":"closed","ping_status":"closed","template":"","meta":{"footnotes":""},"_links":{"self":[{"href":"https:\/\/omecatronico.com.br\/blog\/wp-json\/wp\/v2\/pages\/737"}],"collection":[{"href":"https:\/\/omecatronico.com.br\/blog\/wp-json\/wp\/v2\/pages"}],"about":[{"href":"https:\/\/omecatronico.com.br\/blog\/wp-json\/wp\/v2\/types\/page"}],"author":[{"embeddable":true,"href":"https:\/\/omecatronico.com.br\/blog\/wp-json\/wp\/v2\/users\/1"}],"replies":[{"embeddable":true,"href":"https:\/\/omecatronico.com.br\/blog\/wp-json\/wp\/v2\/comments?post=737"}],"version-history":[{"count":11,"href":"https:\/\/omecatronico.com.br\/blog\/wp-json\/wp\/v2\/pages\/737\/revisions"}],"predecessor-version":[{"id":908,"href":"https:\/\/omecatronico.com.br\/blog\/wp-json\/wp\/v2\/pages\/737\/revisions\/908"}],"wp:attachment":[{"href":"https:\/\/omecatronico.com.br\/blog\/wp-json\/wp\/v2\/media?parent=737"}],"curies":[{"name":"wp","href":"https:\/\/api.w.org\/{rel}","templated":true}]}}